{"id":2072,"date":"2022-10-04T07:38:47","date_gmt":"2022-10-04T07:38:47","guid":{"rendered":"http:\/\/sosw1.szczecin.pl\/?page_id=2072"},"modified":"2023-08-31T17:15:37","modified_gmt":"2023-08-31T17:15:37","slug":"uczniowska-rada-szkoly","status":"publish","type":"page","link":"https:\/\/zss1.szczecin.pl\/?page_id=2072","title":{"rendered":"Uczniowska rada szko\u0142y"},"content":{"rendered":"\t\t<div data-elementor-type=\"wp-page\" data-elementor-id=\"2072\" class=\"elementor elementor-2072\">\n\t\t\t\t\t\t\t\t\t<section class=\"elementor-section elementor-top-section elementor-element elementor-element-5c997991 elementor-section-boxed elementor-section-height-default elementor-section-height-default\" data-id=\"5c997991\" data-element_type=\"section\">\n\t\t\t\t\t\t<div class=\"elementor-container elementor-column-gap-default\">\n\t\t\t\t\t<div class=\"elementor-column elementor-col-100 elementor-top-column elementor-element elementor-element-59cfec0f\" data-id=\"59cfec0f\" data-element_type=\"column\">\n\t\t\t<div class=\"elementor-widget-wrap elementor-element-populated\">\n\t\t\t\t\t\t\t\t<div class=\"elementor-element elementor-element-48ce1544 elementor-widget elementor-widget-text-editor\" data-id=\"48ce1544\" data-element_type=\"widget\" data-widget_type=\"text-editor.default\">\n\t\t\t\t<div class=\"elementor-widget-container\">\n\t\t\t<style>\/*! elementor - v3.7.7 - 20-09-2022 *\/\n.elementor-widget-text-editor.elementor-drop-cap-view-stacked .elementor-drop-cap{background-color:#818a91;color:#fff}.elementor-widget-text-editor.elementor-drop-cap-view-framed .elementor-drop-cap{color:#818a91;border:3px solid;background-color:transparent}.elementor-widget-text-editor:not(.elementor-drop-cap-view-default) .elementor-drop-cap{margin-top:8px}.elementor-widget-text-editor:not(.elementor-drop-cap-view-default) .elementor-drop-cap-letter{width:1em;height:1em}.elementor-widget-text-editor .elementor-drop-cap{float:left;text-align:center;line-height:1;font-size:50px}.elementor-widget-text-editor .elementor-drop-cap-letter{display:inline-block}<\/style>\t\t\t\t<div class=\"et_pb_text et_pb_module et_pb_bg_layout_light et_pb_text_align_left et_pb_text_2\"><p>Dzia\u0142aczami Uczniowskiej Rady Szko\u0142y s\u0105 wszyscy uczniowie, kt\u00f3rzy chc\u0105 aktywnie uczestniczy\u0107 w \u017cyciu szko\u0142y. Anga\u017cuj\u0105 si\u0119 oni w prowadzenie szkolnych apeli i uroczysto\u015bci. Wychodz\u0105 z inicjatywami pobudzaj\u0105cymi aktywno\u015b\u0107 uczni\u00f3w. Uczestnicz\u0105 w tworzeniu tradycji, zwyczaj\u00f3w i obyczaj\u00f3w o\u015brodka. Ucz\u0105 si\u0119 umiej\u0119tno\u015bci zespo\u0142owego dzia\u0142ania. Mobilizuj\u0105 kole\u017canki i koleg\u00f3w do jak najlepszego pe\u0142nienia obowi\u0105zk\u00f3w szkolnych i do aktywno\u015bci spo\u0142ecznej. Organizuj\u0105 pomoc kole\u017ce\u0144sk\u0105, ucz\u0105 wra\u017cliwo\u015bci na drugiego cz\u0142owieka. Swoj\u0105 postaw\u0105 i dzia\u0142aniem s\u0105 przyk\u0142adem dla innych.<\/p><p>Uczniowska Rada Szko\u0142y swoimi kompetencjami obejmuje zagadnienia bezpiecze\u0144stwa ucznia oraz wychowania patriotycznego. Pochyla si\u0119 nad prawami ucznia w my\u015bl Konwencji o Prawach Dziecka, Konwencji o Prawach Os\u00f3b Niepe\u0142nosprawnych i Konstytucji Rzeczypospolitej Polskiej. W ramach tych zagadnie\u0144 na sta\u0142e goszcz\u0105 w naszej szkole imprezy \u201eBezpieczny ucze\u0144\u201d, \u201eOg\u00f3lnopolski Dzie\u0144 Praw Dziecka oraz uroczysto\u015bci celebruj\u0105ce \u015bwi\u0119ta narodowe takie jak \u015awi\u0119to Niepodleg\u0142o\u015bci, Dzie\u0144 Flagi, \u015awi\u0119to Konstytucji 3 Maja.<\/p><p>Uczniowska Rada Szko\u0142y jest organizatorem wa\u017cnych uroczysto\u015bci szkolnych takich jak: Inauguracja Roku Szkolnego po\u0142\u0105czona z pasowaniem na ucznia, Zako\u0144czenie Roku Szkolnego po\u0142\u0105czone z bardzo uroczystym po\u017cegnaniem absolwent\u00f3w. Wsp\u00f3\u0142organizuje spotkanie z rodzicami z okazji \u015awiat Bo\u017cego Narodzenia. Du\u017cym przedsi\u0119wzi\u0119ciem jest Wojew\u00f3dzki Przegl\u0105d Form Wokalno \u2013 Instrumentalnych \u201ePiosenka jest dobra na wszystko\u201d, kt\u00f3ry organizujemy od 2015 roku. To w\u0142a\u015bnie cz\u0142onkowie Uczniowskiej Rady Szko\u0142y maj\u0105 okazje zaprezentowa\u0107 szerszej publiczno\u015bci swoje talenty muzyczne. Spotykamy si\u0119 z uczniami innych plac\u00f3wek kszta\u0142cenia specjalnego z regionu.<\/p><p>Opiekunami Uczniowskiej Rady Szko\u0142y s\u0105: Dorota Nikipierowicz, Irmina Bednarz, Katarzyna Rejman, Karolina Sa\u0142agan, Marcin Jurczak i Piotr Sobczy\u0144ski.<\/p><p>Oto lista uroczysto\u015bci i imprez organizowanych cyklicznie w roku szkolnym:<br \/>&#8211; uroczyste rozpocz\u0119cie roku szkolnego,<br \/>&#8211; &#8222;Bezpieczny ucze\u0144&#8221;<br \/>&#8211; \u015awi\u0119to niepodleg\u0142o\u015bci<br \/>&#8211; \u015awiatowy dzie\u0144 \u017cyczliwo\u015bci i pozdrowie\u0144,<br \/>&#8211; Og\u00f3lnopolski dzie\u0144 praw dziecka,<br \/>&#8211; Bo\u017conarodzeniowe spotkanie z rodzicami,<br \/>&#8211; Wojew\u00f3dzki Przegl\u0105d Form Wokalno &#8211; Instrumentalnych &#8222;Piosenka jest dobra na wszystko&#8221;,<br \/>&#8211; Dzie\u0144 flagi narodowej,<br \/>&#8211; \u015awi\u0119to konstytucji 3 maja,<br \/>&#8211; uroczyste zako\u0144czenie roku szkolnego.<\/p><\/div>\t\t\t\t\t\t<\/div>\n\t\t\t\t<\/div>\n\t\t\t\t\t<\/div>\n\t\t<\/div>\n\t\t\t\t\t\t\t<\/div>\n\t\t<\/section>\n\t\t\t\t\t\t\t<\/div>\n\t\t","protected":false},"excerpt":{"rendered":"<p>Dzia\u0142aczami Uczniowskiej Rady Szko\u0142y s\u0105 wszyscy uczniowie, kt\u00f3rzy chc\u0105 aktywnie uczestniczy\u0107 w \u017cyciu szko\u0142y. Anga\u017cuj\u0105 si\u0119 oni w prowadzenie szkolnych apeli i uroczysto\u015bci. Wychodz\u0105 z inicjatywami pobudzaj\u0105cymi aktywno\u015b\u0107 uczni\u00f3w. Uczestnicz\u0105 w tworzeniu tradycji, zwyczaj\u00f3w i obyczaj\u00f3w o\u015brodka. Ucz\u0105 si\u0119 umiej\u0119tno\u015bci zespo\u0142owego dzia\u0142ania. Mobilizuj\u0105 kole\u017canki i koleg\u00f3w do jak najlepszego pe\u0142nienia [&hellip;]<\/p>\n","protected":false},"author":2,"featured_media":0,"parent":0,"menu_order":0,"comment_status":"closed","ping_status":"closed","template":"","meta":{"ngg_post_thumbnail":0},"_links":{"self":[{"href":"https:\/\/zss1.szczecin.pl\/index.php?rest_route=\/wp\/v2\/pages\/2072"}],"collection":[{"href":"https:\/\/zss1.szczecin.pl\/index.php?rest_route=\/wp\/v2\/pages"}],"about":[{"href":"https:\/\/zss1.szczecin.pl\/index.php?rest_route=\/wp\/v2\/types\/page"}],"author":[{"embeddable":true,"href":"https:\/\/zss1.szczecin.pl\/index.php?rest_route=\/wp\/v2\/users\/2"}],"replies":[{"embeddable":true,"href":"https:\/\/zss1.szczecin.pl\/index.php?rest_route=%2Fwp%2Fv2%2Fcomments&post=2072"}],"version-history":[{"count":16,"href":"https:\/\/zss1.szczecin.pl\/index.php?rest_route=\/wp\/v2\/pages\/2072\/revisions"}],"predecessor-version":[{"id":6074,"href":"https:\/\/zss1.szczecin.pl\/index.php?rest_route=\/wp\/v2\/pages\/2072\/revisions\/6074"}],"wp:attachment":[{"href":"https:\/\/zss1.szczecin.pl\/index.php?rest_route=%2Fwp%2Fv2%2Fmedia&parent=2072"}],"curies":[{"name":"wp","href":"https:\/\/api.w.org\/{rel}","templated":true}]}}

Uczniowska rada szkoły

<div data-elementor-type="wp-page" data-elementor-id="2072" class="elementor elementor-2072">
									<section class="elementor-section elementor-top-section elementor-element elementor-element-5c997991 elementor-section-boxed elementor-section-height-default elementor-section-height-default" data-id="5c997991" data-element_type="section">
						<div class="elementor-container elementor-column-gap-default">
					<div class="elementor-column elementor-col-100 elementor-top-column elementor-element elementor-element-59cfec0f" data-id="59cfec0f" data-element_type="column">
			<div class="elementor-widget-wrap elementor-element-populated">
								<div class="elementor-element elementor-element-48ce1544 elementor-widget elementor-widget-text-editor" data-id="48ce1544" data-element_type="widget" data-widget_type="text-editor.default">
				<div class="elementor-widget-container">
			<style>/*! elementor - v3.7.7 - 20-09-2022 */
.elementor-widget-text-editor.elementor-drop-cap-view-stacked .elementor-drop-cap{background-color:#818a91;color:#fff}.elementor-widget-text-editor.elementor-drop-cap-view-framed .elementor-drop-cap{color:#818a91;border:3px solid;background-color:transparent}.elementor-widget-text-editor:not(.elementor-drop-cap-view-default) .elementor-drop-cap{margin-top:8px}.elementor-widget-text-editor:not(.elementor-drop-cap-view-default) .elementor-drop-cap-letter{width:1em;height:1em}.elementor-widget-text-editor .elementor-drop-cap{float:left;text-align:center;line-height:1;font-size:50px}.elementor-widget-text-editor .elementor-drop-cap-letter{display:inline-block}</style>				<div class="et_pb_text et_pb_module et_pb_bg_layout_light et_pb_text_align_left et_pb_text_2"><p>Działaczami Uczniowskiej Rady Szkoły są wszyscy uczniowie, którzy chcą aktywnie uczestniczyć w życiu szkoły. Angażują się oni w prowadzenie szkolnych apeli i uroczystości. Wychodzą z inicjatywami pobudzającymi aktywność uczniów. Uczestniczą w tworzeniu tradycji, zwyczajów i obyczajów ośrodka. Uczą się umiejętności zespołowego działania. Mobilizują koleżanki i kolegów do jak najlepszego pełnienia obowiązków szkolnych i do aktywności społecznej. Organizują pomoc koleżeńską, uczą wrażliwości na drugiego człowieka. Swoją postawą i działaniem są przykładem dla innych.</p><p>Uczniowska Rada Szkoły swoimi kompetencjami obejmuje zagadnienia bezpieczeństwa ucznia oraz wychowania patriotycznego. Pochyla się nad prawami ucznia w myśl Konwencji o Prawach Dziecka, Konwencji o Prawach Osób Niepełnosprawnych i Konstytucji Rzeczypospolitej Polskiej. W ramach tych zagadnień na stałe goszczą w naszej szkole imprezy „Bezpieczny uczeń”, „Ogólnopolski Dzień Praw Dziecka oraz uroczystości celebrujące święta narodowe takie jak Święto Niepodległości, Dzień Flagi, Święto Konstytucji 3 Maja.</p><p>Uczniowska Rada Szkoły jest organizatorem ważnych uroczystości szkolnych takich jak: Inauguracja Roku Szkolnego połączona z pasowaniem na ucznia, Zakończenie Roku Szkolnego połączone z bardzo uroczystym pożegnaniem absolwentów. Współorganizuje spotkanie z rodzicami z okazji Świat Bożego Narodzenia. Dużym przedsięwzięciem jest Wojewódzki Przegląd Form Wokalno – Instrumentalnych „Piosenka jest dobra na wszystko”, który organizujemy od 2015 roku. To właśnie członkowie Uczniowskiej Rady Szkoły mają okazje zaprezentować szerszej publiczności swoje talenty muzyczne. Spotykamy się z uczniami innych placówek kształcenia specjalnego z regionu.</p><p>Opiekunami Uczniowskiej Rady Szkoły są: Dorota Nikipierowicz, Irmina Bednarz, Katarzyna Rejman, Karolina Sałagan, Marcin Jurczak i Piotr Sobczyński.</p><p>Oto lista uroczystości i imprez organizowanych cyklicznie w roku szkolnym:<br />&#8211; uroczyste rozpoczęcie roku szkolnego,<br />&#8211; &#8222;Bezpieczny uczeń&#8221;<br />&#8211; Święto niepodległości<br />&#8211; Światowy dzień życzliwości i pozdrowień,<br />&#8211; Ogólnopolski dzień praw dziecka,<br />&#8211; Bożonarodzeniowe spotkanie z rodzicami,<br />&#8211; Wojewódzki Przegląd Form Wokalno &#8211; Instrumentalnych &#8222;Piosenka jest dobra na wszystko&#8221;,<br />&#8211; Dzień flagi narodowej,<br />&#8211; Święto konstytucji 3 maja,<br />&#8211; uroczyste zakończenie roku szkolnego.</p></div>						</div>
				</div>
					</div>
		</div>
							</div>
		</section>
							</div>

<p>Działaczami Uczniowskiej Rady Szkoły są wszyscy uczniowie, którzy chcą aktywnie uczestniczyć w życiu szkoły. Angażują się oni w prowadzenie szkolnych apeli i uroczystości. Wychodzą z inicjatywami pobudzającymi aktywność uczniów. Uczestniczą w tworzeniu tradycji, zwyczajów i obyczajów ośrodka. Uczą się umiejętności zespołowego działania. Mobilizują koleżanki i kolegów do jak najlepszego pełnienia [&hellip;]</p>
