{"id":2746,"date":"2022-10-17T17:36:09","date_gmt":"2022-10-17T17:36:09","guid":{"rendered":"http:\/\/zss1.szczecin.pl\/?page_id=2746"},"modified":"2023-08-31T17:17:56","modified_gmt":"2023-08-31T17:17:56","slug":"sekcja-wokalno-instrumentalna-metrum","status":"publish","type":"page","link":"https:\/\/zss1.szczecin.pl\/?page_id=2746","title":{"rendered":"zesp\u00f3\u0142 wokalno &#8211; instrumentalny  &#8211; &#8222;Metrum&#8221;"},"content":{"rendered":"\t\t<div data-elementor-type=\"wp-page\" data-elementor-id=\"2746\" class=\"elementor elementor-2746\">\n\t\t\t\t\t\t\t\t\t<section class=\"elementor-section elementor-top-section elementor-element elementor-element-f66fd5a elementor-section-boxed elementor-section-height-default elementor-section-height-default\" data-id=\"f66fd5a\" data-element_type=\"section\">\n\t\t\t\t\t\t<div class=\"elementor-container elementor-column-gap-default\">\n\t\t\t\t\t<div class=\"elementor-column elementor-col-100 elementor-top-column elementor-element elementor-element-bfbe940\" data-id=\"bfbe940\" data-element_type=\"column\">\n\t\t\t<div class=\"elementor-widget-wrap elementor-element-populated\">\n\t\t\t\t\t\t\t\t\t<\/div>\n\t\t<\/div>\n\t\t\t\t\t\t\t<\/div>\n\t\t<\/section>\n\t\t\t\t<section class=\"elementor-section elementor-top-section elementor-element elementor-element-022c03a elementor-section-boxed elementor-section-height-default elementor-section-height-default\" data-id=\"022c03a\" data-element_type=\"section\">\n\t\t\t\t\t\t<div class=\"elementor-container elementor-column-gap-default\">\n\t\t\t\t\t<div class=\"elementor-column elementor-col-50 elementor-top-column elementor-element elementor-element-426b5aa\" data-id=\"426b5aa\" data-element_type=\"column\">\n\t\t\t<div class=\"elementor-widget-wrap elementor-element-populated\">\n\t\t\t\t\t\t\t\t<div class=\"elementor-element elementor-element-bd9bdbc elementor-widget elementor-widget-image\" data-id=\"bd9bdbc\" data-element_type=\"widget\" data-widget_type=\"image.default\">\n\t\t\t\t<div class=\"elementor-widget-container\">\n\t\t\t<style>\/*! elementor - v3.7.7 - 20-09-2022 *\/\n.elementor-widget-image{text-align:center}.elementor-widget-image a{display:inline-block}.elementor-widget-image a img[src$=\".svg\"]{width:48px}.elementor-widget-image img{vertical-align:middle;display:inline-block}<\/style>\t\t\t\t\t\t\t\t\t\t\t\t<img width=\"768\" height=\"434\" src=\"https:\/\/zss1.szczecin.pl\/wp-content\/uploads\/2022\/10\/Metrum-02-768x434.png\" class=\"attachment-medium_large size-medium_large\" alt=\"\" loading=\"lazy\" srcset=\"https:\/\/zss1.szczecin.pl\/wp-content\/uploads\/2022\/10\/Metrum-02-768x434.png 768w, https:\/\/zss1.szczecin.pl\/wp-content\/uploads\/2022\/10\/Metrum-02-300x170.png 300w, https:\/\/zss1.szczecin.pl\/wp-content\/uploads\/2022\/10\/Metrum-02.png 800w\" sizes=\"(max-width: 768px) 100vw, 768px\" \/>\t\t\t\t\t\t\t\t\t\t\t\t\t\t\t<\/div>\n\t\t\t\t<\/div>\n\t\t\t\t\t<\/div>\n\t\t<\/div>\n\t\t\t\t<div class=\"elementor-column elementor-col-50 elementor-top-column elementor-element elementor-element-84a9561\" data-id=\"84a9561\" data-element_type=\"column\">\n\t\t\t<div class=\"elementor-widget-wrap elementor-element-populated\">\n\t\t\t\t\t\t\t\t<div class=\"elementor-element elementor-element-6104800 elementor-widget elementor-widget-image\" data-id=\"6104800\" data-element_type=\"widget\" data-widget_type=\"image.default\">\n\t\t\t\t<div class=\"elementor-widget-container\">\n\t\t\t\t\t\t\t\t\t\t\t\t\t\t\t<img width=\"768\" height=\"431\" src=\"https:\/\/zss1.szczecin.pl\/wp-content\/uploads\/2022\/10\/Metrum-01-768x431.png\" class=\"attachment-medium_large size-medium_large\" alt=\"\" loading=\"lazy\" srcset=\"https:\/\/zss1.szczecin.pl\/wp-content\/uploads\/2022\/10\/Metrum-01-768x431.png 768w, https:\/\/zss1.szczecin.pl\/wp-content\/uploads\/2022\/10\/Metrum-01-300x168.png 300w, https:\/\/zss1.szczecin.pl\/wp-content\/uploads\/2022\/10\/Metrum-01.png 800w\" sizes=\"(max-width: 768px) 100vw, 768px\" \/>\t\t\t\t\t\t\t\t\t\t\t\t\t\t\t<\/div>\n\t\t\t\t<\/div>\n\t\t\t\t\t<\/div>\n\t\t<\/div>\n\t\t\t\t\t\t\t<\/div>\n\t\t<\/section>\n\t\t\t\t<section class=\"elementor-section elementor-top-section elementor-element elementor-element-3ba55fa elementor-section-boxed elementor-section-height-default elementor-section-height-default\" data-id=\"3ba55fa\" data-element_type=\"section\">\n\t\t\t\t\t\t<div class=\"elementor-container elementor-column-gap-default\">\n\t\t\t\t\t<div class=\"elementor-column elementor-col-100 elementor-top-column elementor-element elementor-element-6c34b3b\" data-id=\"6c34b3b\" data-element_type=\"column\">\n\t\t\t<div class=\"elementor-widget-wrap elementor-element-populated\">\n\t\t\t\t\t\t\t\t<div class=\"elementor-element elementor-element-be2a8c6 elementor-widget elementor-widget-text-editor\" data-id=\"be2a8c6\" data-element_type=\"widget\" data-widget_type=\"text-editor.default\">\n\t\t\t\t<div class=\"elementor-widget-container\">\n\t\t\t<style>\/*! elementor - v3.7.7 - 20-09-2022 *\/\n.elementor-widget-text-editor.elementor-drop-cap-view-stacked .elementor-drop-cap{background-color:#818a91;color:#fff}.elementor-widget-text-editor.elementor-drop-cap-view-framed .elementor-drop-cap{color:#818a91;border:3px solid;background-color:transparent}.elementor-widget-text-editor:not(.elementor-drop-cap-view-default) .elementor-drop-cap{margin-top:8px}.elementor-widget-text-editor:not(.elementor-drop-cap-view-default) .elementor-drop-cap-letter{width:1em;height:1em}.elementor-widget-text-editor .elementor-drop-cap{float:left;text-align:center;line-height:1;font-size:50px}.elementor-widget-text-editor .elementor-drop-cap-letter{display:inline-block}<\/style>\t\t\t\t<p>Muzyka jest \u015brodkiem, kt\u00f3ry \u0142atwo dociera do cz\u0142owieka, pozwalaj\u0105c mu zar\u00f3wno na odbi\u00f3r wra\u017ce\u0144, jak i wyra\u017canie w\u0142asnych prze\u017cy\u0107. Ta ch\u0119\u0107 odbioru i wyra\u017cania motywuje nas do coraz wi\u0119kszej kreatywno\u015bci na zaj\u0119ciach naszej sekcji. Bawimy si\u0119 muzyk\u0105, u\u017cywamy r\u00f3\u017cnorodnych instrument\u00f3w \u2013 tak\u017ce zrobionych w\u0142asnor\u0119cznie, uczymy si\u0119 wsp\u00f3\u0142pracowa\u0107 w grupie <br \/>i komunikowa\u0107 ze sob\u0105, rozwijamy nasze zainteresowania i zdolno\u015bci, uczymy si\u0119 kreatywnie sp\u0119dza\u0107 czas poza lekcjami.<\/p><p>Efektami naszej pracy dzielimy si\u0119 na szerszym forum \u2013 podczas imprez szkolnych, spotka\u0144 ze spo\u0142eczno\u015bci\u0105 lokaln\u0105 i zaprzyja\u017anionymi plac\u00f3wkami, a tak\u017ce na profilach spo\u0142eczno\u015bciowych plac\u00f3wki. Staramy si\u0119, by muzyka by\u0142a istotnym elementem naszej codzienno\u015bci.<\/p><p>Opiekunami zespo\u0142u s\u0105: panie \u2013 Helena Zaj\u0105c, Agnieszka Grzes\u0142o, panowie \u2013 Marcin Jurczak, Piotr Sobczy\u0144ski.<\/p>\t\t\t\t\t\t<\/div>\n\t\t\t\t<\/div>\n\t\t\t\t\t<\/div>\n\t\t<\/div>\n\t\t\t\t\t\t\t<\/div>\n\t\t<\/section>\n\t\t\t\t<section class=\"elementor-section elementor-top-section elementor-element elementor-element-46c322e elementor-section-boxed elementor-section-height-default elementor-section-height-default\" data-id=\"46c322e\" data-element_type=\"section\">\n\t\t\t\t\t\t<div class=\"elementor-container elementor-column-gap-default\">\n\t\t\t\t\t<div class=\"elementor-column elementor-col-50 elementor-top-column elementor-element elementor-element-ba15a42\" data-id=\"ba15a42\" data-element_type=\"column\">\n\t\t\t<div class=\"elementor-widget-wrap elementor-element-populated\">\n\t\t\t\t\t\t\t\t<div class=\"elementor-element elementor-element-cf19b7e elementor-widget elementor-widget-image\" data-id=\"cf19b7e\" data-element_type=\"widget\" data-widget_type=\"image.default\">\n\t\t\t\t<div class=\"elementor-widget-container\">\n\t\t\t\t\t\t\t\t\t\t\t\t\t\t\t<img width=\"768\" height=\"576\" src=\"https:\/\/zss1.szczecin.pl\/wp-content\/uploads\/2022\/10\/Metrum-04-768x576.jpg\" class=\"attachment-medium_large size-medium_large\" alt=\"\" loading=\"lazy\" srcset=\"https:\/\/zss1.szczecin.pl\/wp-content\/uploads\/2022\/10\/Metrum-04-768x576.jpg 768w, https:\/\/zss1.szczecin.pl\/wp-content\/uploads\/2022\/10\/Metrum-04-300x225.jpg 300w, https:\/\/zss1.szczecin.pl\/wp-content\/uploads\/2022\/10\/Metrum-04.jpg 800w\" sizes=\"(max-width: 768px) 100vw, 768px\" \/>\t\t\t\t\t\t\t\t\t\t\t\t\t\t\t<\/div>\n\t\t\t\t<\/div>\n\t\t\t\t\t<\/div>\n\t\t<\/div>\n\t\t\t\t<div class=\"elementor-column elementor-col-50 elementor-top-column elementor-element elementor-element-39d8fbb\" data-id=\"39d8fbb\" data-element_type=\"column\">\n\t\t\t<div class=\"elementor-widget-wrap elementor-element-populated\">\n\t\t\t\t\t\t\t\t<div class=\"elementor-element elementor-element-c1bc166 elementor-widget elementor-widget-image\" data-id=\"c1bc166\" data-element_type=\"widget\" data-widget_type=\"image.default\">\n\t\t\t\t<div class=\"elementor-widget-container\">\n\t\t\t\t\t\t\t\t\t\t\t\t\t\t\t<img width=\"768\" height=\"576\" src=\"https:\/\/zss1.szczecin.pl\/wp-content\/uploads\/2022\/10\/Metrum-03-768x576.jpg\" class=\"attachment-medium_large size-medium_large\" alt=\"\" loading=\"lazy\" srcset=\"https:\/\/zss1.szczecin.pl\/wp-content\/uploads\/2022\/10\/Metrum-03-768x576.jpg 768w, https:\/\/zss1.szczecin.pl\/wp-content\/uploads\/2022\/10\/Metrum-03-300x225.jpg 300w, https:\/\/zss1.szczecin.pl\/wp-content\/uploads\/2022\/10\/Metrum-03.jpg 800w\" sizes=\"(max-width: 768px) 100vw, 768px\" \/>\t\t\t\t\t\t\t\t\t\t\t\t\t\t\t<\/div>\n\t\t\t\t<\/div>\n\t\t\t\t\t<\/div>\n\t\t<\/div>\n\t\t\t\t\t\t\t<\/div>\n\t\t<\/section>\n\t\t\t\t\t\t\t<\/div>\n\t\t","protected":false},"excerpt":{"rendered":"<p>Muzyka jest \u015brodkiem, kt\u00f3ry \u0142atwo dociera do cz\u0142owieka, pozwalaj\u0105c mu zar\u00f3wno na odbi\u00f3r wra\u017ce\u0144, jak i wyra\u017canie w\u0142asnych prze\u017cy\u0107. Ta ch\u0119\u0107 odbioru i wyra\u017cania motywuje nas do coraz wi\u0119kszej kreatywno\u015bci na zaj\u0119ciach naszej sekcji. Bawimy si\u0119 muzyk\u0105, u\u017cywamy r\u00f3\u017cnorodnych instrument\u00f3w \u2013 tak\u017ce zrobionych w\u0142asnor\u0119cznie, uczymy si\u0119 wsp\u00f3\u0142pracowa\u0107 w grupie i [&hellip;]<\/p>\n","protected":false},"author":2,"featured_media":0,"parent":0,"menu_order":0,"comment_status":"closed","ping_status":"closed","template":"","meta":{"ngg_post_thumbnail":0},"_links":{"self":[{"href":"https:\/\/zss1.szczecin.pl\/index.php?rest_route=\/wp\/v2\/pages\/2746"}],"collection":[{"href":"https:\/\/zss1.szczecin.pl\/index.php?rest_route=\/wp\/v2\/pages"}],"about":[{"href":"https:\/\/zss1.szczecin.pl\/index.php?rest_route=\/wp\/v2\/types\/page"}],"author":[{"embeddable":true,"href":"https:\/\/zss1.szczecin.pl\/index.php?rest_route=\/wp\/v2\/users\/2"}],"replies":[{"embeddable":true,"href":"https:\/\/zss1.szczecin.pl\/index.php?rest_route=%2Fwp%2Fv2%2Fcomments&post=2746"}],"version-history":[{"count":17,"href":"https:\/\/zss1.szczecin.pl\/index.php?rest_route=\/wp\/v2\/pages\/2746\/revisions"}],"predecessor-version":[{"id":6078,"href":"https:\/\/zss1.szczecin.pl\/index.php?rest_route=\/wp\/v2\/pages\/2746\/revisions\/6078"}],"wp:attachment":[{"href":"https:\/\/zss1.szczecin.pl\/index.php?rest_route=%2Fwp%2Fv2%2Fmedia&parent=2746"}],"curies":[{"name":"wp","href":"https:\/\/api.w.org\/{rel}","templated":true}]}}

zespół wokalno &#8211; instrumentalny  &#8211; &#8222;Metrum&#8221;

<div data-elementor-type="wp-page" data-elementor-id="2746" class="elementor elementor-2746">
									<section class="elementor-section elementor-top-section elementor-element elementor-element-f66fd5a elementor-section-boxed elementor-section-height-default elementor-section-height-default" data-id="f66fd5a" data-element_type="section">
						<div class="elementor-container elementor-column-gap-default">
					<div class="elementor-column elementor-col-100 elementor-top-column elementor-element elementor-element-bfbe940" data-id="bfbe940" data-element_type="column">
			<div class="elementor-widget-wrap elementor-element-populated">
									</div>
		</div>
							</div>
		</section>
				<section class="elementor-section elementor-top-section elementor-element elementor-element-022c03a elementor-section-boxed elementor-section-height-default elementor-section-height-default" data-id="022c03a" data-element_type="section">
						<div class="elementor-container elementor-column-gap-default">
					<div class="elementor-column elementor-col-50 elementor-top-column elementor-element elementor-element-426b5aa" data-id="426b5aa" data-element_type="column">
			<div class="elementor-widget-wrap elementor-element-populated">
								<div class="elementor-element elementor-element-bd9bdbc elementor-widget elementor-widget-image" data-id="bd9bdbc" data-element_type="widget" data-widget_type="image.default">
				<div class="elementor-widget-container">
			<style>/*! elementor - v3.7.7 - 20-09-2022 */
.elementor-widget-image{text-align:center}.elementor-widget-image a{display:inline-block}.elementor-widget-image a img[src$=".svg"]{width:48px}.elementor-widget-image img{vertical-align:middle;display:inline-block}</style>												<img width="768" height="434" src="https://zss1.szczecin.pl/wp-content/uploads/2022/10/Metrum-02-768x434.png" class="attachment-medium_large size-medium_large" alt="" loading="lazy" srcset="https://zss1.szczecin.pl/wp-content/uploads/2022/10/Metrum-02-768x434.png 768w, https://zss1.szczecin.pl/wp-content/uploads/2022/10/Metrum-02-300x170.png 300w, https://zss1.szczecin.pl/wp-content/uploads/2022/10/Metrum-02.png 800w" sizes="(max-width: 768px) 100vw, 768px" />															</div>
				</div>
					</div>
		</div>
				<div class="elementor-column elementor-col-50 elementor-top-column elementor-element elementor-element-84a9561" data-id="84a9561" data-element_type="column">
			<div class="elementor-widget-wrap elementor-element-populated">
								<div class="elementor-element elementor-element-6104800 elementor-widget elementor-widget-image" data-id="6104800" data-element_type="widget" data-widget_type="image.default">
				<div class="elementor-widget-container">
															<img width="768" height="431" src="https://zss1.szczecin.pl/wp-content/uploads/2022/10/Metrum-01-768x431.png" class="attachment-medium_large size-medium_large" alt="" loading="lazy" srcset="https://zss1.szczecin.pl/wp-content/uploads/2022/10/Metrum-01-768x431.png 768w, https://zss1.szczecin.pl/wp-content/uploads/2022/10/Metrum-01-300x168.png 300w, https://zss1.szczecin.pl/wp-content/uploads/2022/10/Metrum-01.png 800w" sizes="(max-width: 768px) 100vw, 768px" />															</div>
				</div>
					</div>
		</div>
							</div>
		</section>
				<section class="elementor-section elementor-top-section elementor-element elementor-element-3ba55fa elementor-section-boxed elementor-section-height-default elementor-section-height-default" data-id="3ba55fa" data-element_type="section">
						<div class="elementor-container elementor-column-gap-default">
					<div class="elementor-column elementor-col-100 elementor-top-column elementor-element elementor-element-6c34b3b" data-id="6c34b3b" data-element_type="column">
			<div class="elementor-widget-wrap elementor-element-populated">
								<div class="elementor-element elementor-element-be2a8c6 elementor-widget elementor-widget-text-editor" data-id="be2a8c6" data-element_type="widget" data-widget_type="text-editor.default">
				<div class="elementor-widget-container">
			<style>/*! elementor - v3.7.7 - 20-09-2022 */
.elementor-widget-text-editor.elementor-drop-cap-view-stacked .elementor-drop-cap{background-color:#818a91;color:#fff}.elementor-widget-text-editor.elementor-drop-cap-view-framed .elementor-drop-cap{color:#818a91;border:3px solid;background-color:transparent}.elementor-widget-text-editor:not(.elementor-drop-cap-view-default) .elementor-drop-cap{margin-top:8px}.elementor-widget-text-editor:not(.elementor-drop-cap-view-default) .elementor-drop-cap-letter{width:1em;height:1em}.elementor-widget-text-editor .elementor-drop-cap{float:left;text-align:center;line-height:1;font-size:50px}.elementor-widget-text-editor .elementor-drop-cap-letter{display:inline-block}</style>				<p>Muzyka jest środkiem, który łatwo dociera do człowieka, pozwalając mu zarówno na odbiór wrażeń, jak i wyrażanie własnych przeżyć. Ta chęć odbioru i wyrażania motywuje nas do coraz większej kreatywności na zajęciach naszej sekcji. Bawimy się muzyką, używamy różnorodnych instrumentów – także zrobionych własnoręcznie, uczymy się współpracować w grupie <br />i komunikować ze sobą, rozwijamy nasze zainteresowania i zdolności, uczymy się kreatywnie spędzać czas poza lekcjami.</p><p>Efektami naszej pracy dzielimy się na szerszym forum – podczas imprez szkolnych, spotkań ze społecznością lokalną i zaprzyjaźnionymi placówkami, a także na profilach społecznościowych placówki. Staramy się, by muzyka była istotnym elementem naszej codzienności.</p><p>Opiekunami zespołu są: panie – Helena Zając, Agnieszka Grzesło, panowie – Marcin Jurczak, Piotr Sobczyński.</p>						</div>
				</div>
					</div>
		</div>
							</div>
		</section>
				<section class="elementor-section elementor-top-section elementor-element elementor-element-46c322e elementor-section-boxed elementor-section-height-default elementor-section-height-default" data-id="46c322e" data-element_type="section">
						<div class="elementor-container elementor-column-gap-default">
					<div class="elementor-column elementor-col-50 elementor-top-column elementor-element elementor-element-ba15a42" data-id="ba15a42" data-element_type="column">
			<div class="elementor-widget-wrap elementor-element-populated">
								<div class="elementor-element elementor-element-cf19b7e elementor-widget elementor-widget-image" data-id="cf19b7e" data-element_type="widget" data-widget_type="image.default">
				<div class="elementor-widget-container">
															<img width="768" height="576" src="https://zss1.szczecin.pl/wp-content/uploads/2022/10/Metrum-04-768x576.jpg" class="attachment-medium_large size-medium_large" alt="" loading="lazy" srcset="https://zss1.szczecin.pl/wp-content/uploads/2022/10/Metrum-04-768x576.jpg 768w, https://zss1.szczecin.pl/wp-content/uploads/2022/10/Metrum-04-300x225.jpg 300w, https://zss1.szczecin.pl/wp-content/uploads/2022/10/Metrum-04.jpg 800w" sizes="(max-width: 768px) 100vw, 768px" />															</div>
				</div>
					</div>
		</div>
				<div class="elementor-column elementor-col-50 elementor-top-column elementor-element elementor-element-39d8fbb" data-id="39d8fbb" data-element_type="column">
			<div class="elementor-widget-wrap elementor-element-populated">
								<div class="elementor-element elementor-element-c1bc166 elementor-widget elementor-widget-image" data-id="c1bc166" data-element_type="widget" data-widget_type="image.default">
				<div class="elementor-widget-container">
															<img width="768" height="576" src="https://zss1.szczecin.pl/wp-content/uploads/2022/10/Metrum-03-768x576.jpg" class="attachment-medium_large size-medium_large" alt="" loading="lazy" srcset="https://zss1.szczecin.pl/wp-content/uploads/2022/10/Metrum-03-768x576.jpg 768w, https://zss1.szczecin.pl/wp-content/uploads/2022/10/Metrum-03-300x225.jpg 300w, https://zss1.szczecin.pl/wp-content/uploads/2022/10/Metrum-03.jpg 800w" sizes="(max-width: 768px) 100vw, 768px" />															</div>
				</div>
					</div>
		</div>
							</div>
		</section>
							</div>

<p>Muzyka jest środkiem, który łatwo dociera do człowieka, pozwalając mu zarówno na odbiór wrażeń, jak i wyrażanie własnych przeżyć. Ta chęć odbioru i wyrażania motywuje nas do coraz większej kreatywności na zajęciach naszej sekcji. Bawimy się muzyką, używamy różnorodnych instrumentów – także zrobionych własnoręcznie, uczymy się współpracować w grupie i [&hellip;]</p>
